(base 11) to base 3.
-11
Convert 221 (base 4) to base 8.
51
Convert -1 (base 15) to base 16.
-1
What is 10 (base 2) in base 13?
2
Convert -53 (base 9) to base 7.
-66
-1 (base 2) to base 11
-1
What is 211 (base 4) in base 15?
27
Convert 13 (base 7) to base 13.
a
Convert -5 (base 16) to base 14.
-5
What is 4 (base 13) in base 15?
4
102 (base 7) to base 6
123
31 (base 5) to base 10
16
Convert 27 (base 12) to base 2.
11111
11 (base 2) to base 14
3
Convert 12002 (base 3) to base 5.
1022
-1 (base 12) to base 9
-1
341 (base 5) to base 16
60
Convert af (base 16) to base 9.
214
Convert -34 (base 14) to base 10.
-46
Convert 1 (base 7) to base 2.
1
5 (base 8) to base 6
5
1 (base 2) to base 4
1
What is 10 (base 2) in base 6?
2
13 (base 12) to base 14
11
27 (base 13) to base 10
33
Convert -f (base 16) to base 14.
-11
-2030 (base 4) to base 10
-140
Convert -2222 (base 3) to base 7.
-143
Convert 20 (base 7) to base 2.
1110
-221 (base 4) to base 10
-41
-111 (base 3) to base 8
-15
-4 (base 11) to base 8
-4
Convert 6 (base 15) to base 10.
6
What is -20 (base 16) in base 2?
-100000
What is -100100 (base 2) in base 9?
-40
-10110 (base 2) to base 16
-16
What is -2 (base 14) in base 5?
-2
What is 0 (base 12) in base 5?
0
What is -3 (base 11) in base 2?
-11
Convert -1a (base 16) to base 9.
-28
What is -52 (base 15) in base 10?
-77
Convert -10222 (base 3) to base 14.
-79
91 (base 11) to base 6
244
-45 (base 11) to base 6
-121
10000 (base 2) to base 4
100
11 (base 7) to base 6
12
What is a (base 12) in base 9?
11
What is -115 (base 12) in base 10?
-161
10 (base 8) to base 5
13
What is -111 (base 3) in base 10?
-13
84 (base 11) to base 6
232
-154 (base 7) to base 4
-1120
3 (base 16) to base 12
3
Convert -1 (base 11) to base 9.
-1
What is 7b (base 15) in base 11?
a6
-10111 (base 2) to base 15
-18
What is -111 (base 4) in base 3?
-210
Convert -1 (base 8) to base 16.
-1
What is 0 (base 15) in base 2?
0
Convert 63 (base 9) to base 13.
45
1211 (base 4) to base 14
73
1 (base 2) to base 7
1
Convert b3 (base 13) to base 12.
102
What is 112 (base 11) in base 4?
2012
3 (base 12) to base 14
3
Convert 13 (base 5) to base 11.
8
202 (base 3) to base 6
32
Convert 37 (base 13) to base 11.
42
2 (base 10) to base 16
2
What is 1 (base 15) in base 9?
1
Convert -2 (base 7) to base 3.
-2
What is -27 (base 10) in base 6?
-43
16 (base 15) to base 9
23
-1100 (base 2) to base 7
-15
-156 (base 8) to base 6
-302
What is 72 (base 11) in base 16?
4f
-101 (base 2) to base 4
-11
-7 (base 15) to base 9
-7
-14 (base 14) to base 7
-24
Convert 2 (base 11) to base 9.
2
Convert 1000 (base 3) to base 9.
30
What is -412 (base 5) in base 12?
-8b
3 (base 10) to base 15
3
What is -2 (base 7) in base 3?
-2
What is 2 (base 10) in base 11?
2
What is 26 (base 7) in base 11?
19
Convert 24 (base 7) to base 14.
14
Convert 100011 (base 2) to base 7.
50
What is 63 (base 11) in base 8?
105
Convert -10010000 (base 2) to base 10.
-144
Convert -401 (base 6) to base 11.
-122
112 (base 9) to base 13
71
-12 (base 14) to base 10
-16
What is -43 (base 6) in base 12?
-23
Convert -a (base 14) to base 3.
-101
Convert 1103 (base 4) to base 16.
53
What is 15 (base 8) in base 12?
11
Convert 10110 (base 2) to base 11.
20
Convert 22 (base 4) to base 15.
a
Convert -1 (base 11) to base 13.
-1
Convert -2 (base 8) to base 10.
-2
7 (base 12) to base 10
7
Convert -7 (base 9) to base 14.
-7
What is -4 (base 14) in base 3?
-11
What is 1 (base 13) in base 2?
1
0 (base 2) to base 6
0
110 (base 11) to base 6
340
What is 1043 (base 5) in base 16?
94
3 (base 8) to base 6
3
12 (base 7) to base 16
9
Convert -13 (base 8) to base 11.
-10
-125 (base 8) to base 15
-5a
0 (base 3) to base 9
0
15 (base 10) to base 15
10
What is -1 (base 12) in base 10?
-1
1110 (base 3) to base 7
54
22 (base 6) to base 16
e
-11 (base 6) to base 8
-7
31 (base 5) to base 11
15
What is -b (base 13) in base 12?
-b
Convert -74 (base 15) to base 11.
-9a
Convert 12121 (base 4) to base 13.
256
24 (base 15) to base 12
2a
Convert 104 (base 14) to base 16.
c8
What is -313 (base 8) in base 2?
-11001011
-64 (base 10) to base 15
-44
What is -10 (base 9) in base 11?
-9
Convert 2 (base 5) to base 6.
2
11 (base 2) to base 9
3
-11 (base 5) to base 3
-20
-8 (base 10) to base 8
-10
What is -3 (base 5) in base 11?
-3
What is 10 (base 12) in base 3?
110
-1 (base 9) to base 6
-1
Convert -2 (base 7) to base 10.
-2
65 (base 8) to base 9
58
2 (base 6) to base 14
2
Convert 0 (base 11) to base 13.
0
Convert 140 (base 8) to base 14.
6c
What is -1 (base 7) in base 9?
-1
What is -35 (base 6) in base 2?
-10111
Convert -3b (base 16) to base 5.
-214
What is 30 (base 12) in base 11?
33
What is -3 (base 10) in base 4?
-3
What is 12 (base 3) in base 6?
5
What is 111 (base 3) in base 12?
11
Convert 57 (base 13) to base 11.
66
What is -3 (base 12) in base 14?
-3
-1b (base 13) to base 10
-24
What is -3 (base 7) in base 12?
-3
What is -10 (base 5) in base 6?
-5
What is -213 (base 5) in base 8?
-72
Convert 4 (base 13) to base 12.
4
-12 (base 4) to base 3
-20
What is -9 (base 16) in base 9?
-10
What is -17 (base 13) in base 16?
-14
Convert 1 (base 10) to base 7.
1
11 (base 16) to base 13
14
Convert -1100 (base 5) to base 6.
-410
9 (base 12) to base 16
9
Convert 0 (base 3) to base 9.
0
What is -100120 (base 3) in base 14?
-146
-9 (base 10) to base 15
-9
-15 (base 15) to base 3
-202
Convert 4 (base 14) to base 6.
4
Convert 2 (base 9) to base 14.
2
-1 (base 7) to base 5
-1
Convert -1 (base 16) to base 2.
-1
Convert 3 (base 14) to base 12.
3
Convert -2 (base 13) to base 3.
-2
Convert 200 (base 6) to base 15.
4c
Convert 131 (base 6) to base 16.
37
Convert -58 (base 16) to base 12.
-74
Convert 85 (base 9) to base 16.
4d
Convert -a (base 13) to base 4.
-22
2 (base 5) to base 6
2
-1 (base 9) to base 4
-1
296 (base 10) to base 15
14b
What is -20202 (base 3) in base 6?
-502
What is -3 (base 10) in base 3?
-10
What is -110 (base 10) in base 16?
-6e
What is 5 (base 9) in base 13?
5
What is -11 (base 11) in base 7?
-15
53 (base 16) to base 4
1103
28 (base 16) to base 5
130
-2 (base 6) to base 12
-2
What is -2 (base 6) in base 3?
-2
-100 (base 2) to base 4
-10
What is 121 (base 4) in base 2?
11001
-6 (base 14) to base 16
-6
Convert 82 (base 16) to base 7.
244
Convert -531 (base 6) to base 11.
-171
1041 (base 6) to base 2
11110001
1 (base 7) to base 15
1
What is 12 (base 15) in base 11?
16
-12 (base 3) to base 10
-5
What is 1 (base 16) in base 5?
1
-20 (base 3) to base 4
-12
What is -2 (base 5) in base 9?
-2
What is 2 (base 10) in base 2?
10
-1 (base 7) to base 15
-1
Convert 14b (base 13) to base 10.
232
Convert 1101 (base 2) to base 6.
21
152 (base 10) to base 6
412
Convert -231 (base 7) to base 6.
-320
Convert 3 (base 11) to base 10.
3
Convert 17 (base 8) to base 10.
15
What is 43 (base 7) in base 15?
21
Convert -267 (base 9) to base 6.
-1011
What is 100011 (base 2) in base 12?
2b
What is 5 (base 9) in base 7?
5
-3 (base 16) to base 5
-3
0 (base 4) to base 3
0
What is -67 (base 11) in base 4?
-1021
Convert -3 (base 14) to base 15.
-3
What is 1101 (base 2) in base 5?
23
Convert 175 (base 10) to base 5.
1200
Convert -78 (base 11) to base 8.
-125
3 (base 14) to base 10
3
What is -23 (base 7) in base 6?
-25
2 (base 10) to base 4
2
What is -2 (base 16) in base 11?
-2
Convert -116 (base 11) to base 2.
-10001010
-2 (base 14) to base 16
-2
-31 (base 4) to base 14
-d
What is 320 (base 5) in base 6?
221
What is 1111 (base 2) in base 9?
16
What is 24 (base 7) in base 2?
10010
Convert -43 (base 5) to base 11.
-21
What is 1c (base 13) in base 10?
25
Convert 6 (base 7) to base 13.
6
What is 169 (base 10) in base 12?
121
Convert -145 (base 9) to base 11.
-101
Convert 62 (base 10) to base 5.
222
16 (base 13) to base 6
31
What is 2 (base 7) in base 14?
2
What is 2 (base 3) in base 4?
2
Convert -9c (base 14) to base 10.
-138
What is -101 (base 2) in base 16?
-5
21 (base 7) to base 13
12
Convert -1000 (base 2) to base 13.
-8
What is -20 (base 15) in base 4?
-132
-c4 (base 16) to base 8
-304
What is 131 (base 6) in base 14?
3d
Convert -116 (base 11) to base 4.
-2022
53 (base 10) to base 2
110101
What is 16 (base 8) in base 6?
22
What is -342 (base 9) in base 12?
-1b5
Convert -50 (base 15) to base 9.
-83
What is 9 (base 15) in base 8?
11
Convert 